
What are the prime factors of (18/9 - (-2 + -24107)) + -11?
2, 5, 241
Suppose 2*n - 7 = -1. Suppose 0 = -3*a - 3 - n, 2*a = -q + 56. Suppose 0*y = -4*y + q. List the prime factors of y.
3, 5
Let u = 1 + 2. Suppose l = 3*j - u*l + 6, 2*l = 6. Suppose 0 = k + j*m - 6*m - 46, -2*m = 3*k - 124. List the prime factors of k.
2, 3, 7
Suppose -4*w - 11*y + 8*y + 15666 = 0, -w - 2*y + 3914 = 0. List the prime factors of w.
2, 3, 653
Suppose -36*u + 31*u + 25 = 0. Suppose g = -5, 3*d - u*g + 2623 = 5*d. List the prime factors of d.
2, 331
Suppose -2*n + 1 + 7 = 0. Suppose 0 = 11*y - 173 - 14. List the prime factors of 52/13 + -1 + y*n.
71
Suppose -2*h - 6 = 5*g - 10*g, 3*g = -h + 8. List the prime factors of -21 - -18 - (4/g - 825).
2, 5, 41
Suppose -g + 4*x - 6 + 28 = 0, g + 3*x = -13. Let c = g - -542. List the prime factors of c.
2, 17
What are the prime factors of 12181 + (56/98)/((-1)/(-14))?
3, 17, 239
Let p = 397 + -160. Suppose 222 = 5*q + w, 0 = -0*q - 5*q + 4*w + p. List the prime factors of q.
3, 5
Let s(q) = -12*q - 10. Let d(i) = -i**2 + 9*i - 14. Suppose 3*v = h + 4 + 16, -3*h + 20 = v. Let o be d(v). List the prime factors of s(o).
2, 31
Let q be (-118)/24*-3 + (-2)/(-8). Let g = q - 0. Suppose -f = -2*d - 16, g = 2*f - d - 5. What are the prime factors of f?
2
Let d be (-17)/3 + 68/(-51). Let w(h) = -33*h + 117. What are the prime factors of w(d)?
2, 3, 29
Let p = -61 + 65. Suppose -828 = -2*u + 4*n, p*n + 422 = 2*u - u. What are the prime factors of u?
2, 7, 29
Let n be (-4)/(-8)*(-9 - -3). Let w(p) be the third derivative of -p**6/60 - p**5/15 - p**4/12 - p**3/3 + 3*p**2. What are the prime factors of w(n)?
2, 11
Let c(a) = -8*a + 175. Let g(h) = h - 1. Let l(x) = c(x) + 6*g(x). Let n(p) = p**3 - 16*p**2 + 47*p + 12. Let f be n(12). List the prime factors of l(f).
13
Suppose -59*k = 3*a - 58*k - 41019, 0 = 4*a + 2*k - 54688. What are the prime factors of a?
5, 547
Suppose 0 = -44*x + 78787 + 501082 + 360103. What are the prime factors of x?
3, 7121
Let t(x) be the third derivative of x**5/60 - 5*x**4/12 - 5*x**3/2 + 3*x**2. Let m = -15 - -33. List the prime factors of t(m).
3, 43
Let z(s) = -s**2 - 26*s - 70. Let u be z(-7). What are the prime factors of 2202/12 - (-4 + u/14)?
3, 61
Let l be ((-92)/16)/(6/(-480)*2). Let z = l - -36. What are the prime factors of z?
2, 7, 19
Let p be ((-141)/(-2))/(51/68). Let n be p/14 + 1/(14/4). List the prime factors of n/14 - ((-254)/4 - 0).
2
Let n(w) = -w - 6. Let a(t) = -t**2 - t + 6. Let d be a(-3). Let k be n(d). What are the prime factors of (-16)/k*663/26?
2, 17
Suppose 40 = 3*j + 7*j. Suppose l = -j*l + 40. Suppose -12*g = -l*g - 620. What are the prime factors of g?
5, 31
Suppose 3*z = -8*z - 22. What are the prime factors of z/(-8) - (-1819)/4?
5, 7, 13
Let c(r) = r**3 + 5*r**2 - 7*r + 6. Let u be c(-6). Let z be 2 - (702/(-24) - 9/u). Suppose 14*s - 3146 - z = 0. What are the prime factors of s?
227
Suppose 11*h = 19 + 91. Suppose 489 = h*w - 761. List the prime factors of w.
5
Let b = -19912 - -46728. List the prime factors of b.
2, 419
Let g(b) = 133*b - 1005. What are the prime factors of g(36)?
3, 13, 97
Suppose -82*l + 162*l = 1145440. List the prime factors of l.
2, 7159
Let f = -63556 - -97614. What are the prime factors of f?
2, 17029
Let i be (-42)/(-77)*(-22)/(-3). What are the prime factors of 14391/26 + (-6)/i?
2, 3, 23
Let u = -1156 + 276. Let x = 566 - u. List the prime factors of x.
2, 3, 241
Let p = -515 + 518. Suppose -5*j - 3682 = -3*w, p*w - 2*j = 1988 + 1679. What are the prime factors of w?
23, 53
List the prime factors of 308798/207 - (-4)/18.
2, 373
List the prime factors of -20 + 2627280/162 + (-2)/(-9).
2, 7, 13, 89
Suppose -4*w - 2*t + t = -12, -4*t = 2*w - 6. Let n be (38/6 + -4)*3. Suppose w*s = 32 + n. List the prime factors of s.
13
Suppose 0 = -9*w + 1912 + 3506. Let k = w - -262. List the prime factors of k.
2, 3
Suppose -3*n - 62*f + 59*f + 2844 = 0, -3*f = -n + 952. List the prime factors of n - 0/2 - (5 - 4).
2, 3, 79
Let i(m) = -m**3 - 3*m**2 - 3*m - 5. Let b be i(-3). Suppose 5*p - 1563 = -b*z + 2*z, -2*p = 10. What are the prime factors of z?
2, 397
Let d(p) = -7*p + 14. Let y be d(2). Suppose 22*w - 13546 - 16880 = y. What are the prime factors of w?
3, 461
Let x = 194 - 191. What are the prime factors of x/((-9)/(-2))*(135 - 0)?
2, 3, 5
Let z(k) = -k - 24. Let c be z(-25). List the prime factors of (5 - 0)/(c/79).
5, 79
List the prime factors of 3511/1 - (-12 + (-11 - -17)).
3517
Suppose 0 = 3*b + 5*h - 11, 2*b - 4*b + 5*h - 26 = 0. List the prime factors of ((-175)/(-2))/(1 - b/(-6)).
5, 7
Let t = -5 - 961. Let v = t + 1374. Suppose 2*z + 2*o = v, 0 = -3*z + 2*o - o + 604. What are the prime factors of z?
2, 101
Let t(w) = -45*w - 5. Let l be t(-12). Let y(n) = -n**3 - 12*n**2 - 22*n - 13. Let o be y(-10). Suppose o*r = l + 186. List the prime factors of r.
103
Let p(o) = -16*o - 7. Suppose -5*a = -6*a + 12. Let b = -18 + a. What are the prime factors of p(b)?
89
Let j(t) = 188*t - 67. Let v = 71 - 68. List the prime factors of j(v).
7, 71
Let b(p) = p**2 + 3. Let s be b(5). List the prime factors of (-6992)/(-4)*7/s.
19, 23
Suppose 3*g + 3*d = 6, 13 = 5*g - 0*d + 2*d. Suppose 2712 = 11*k - g*k. List the prime factors of k.
3, 113
Suppose 3*i = -4*a - 23, 5*i + 7 = -2*a + 2*i. Let t be 13 + (a - -4) + -2. What are the prime factors of (t/3)/((-4)/(-276))?
7, 23
Suppose -r - 2*c = 732, 24*r - 5*c = 28*r + 2922. Let b = -241 - r. What are the prime factors of b?
487
Let l = -309 + 311. Suppose -1838 = -l*x - 3*i, -4*i + 14 = -2. What are the prime factors of x?
11, 83
Let i = 24202 - 13163. What are the prime factors of i?
7, 19, 83
Let y(p) = 6*p + 179*p**2 + 2*p + 12*p - 12*p - 6. List the prime factors of y(1).
181
Let t(n) = n - 5. Let g(a) = a - 5. Let v(m) = 4*g(m) - 3*t(m). Let w be v(14). What are the prime factors of 30*2*(w/6 + -1)?
2, 3, 5
Suppose 4*p - 5*v - 7 - 24 = 0, -34 = -4*p + 2*v. Suppose -p*y + 5*y = 0. Suppose -2*q - 5*h = -y*h - 104, -q = h - 55. What are the prime factors of q?
3, 19
Let k = -8045 + 11541. Suppose 0 = -9*y + 446 + k. List the prime factors of y.
2, 3, 73
Let p(j) = j**2 + 17*j - 30. Let n be p(-14). Let s be (-1 - -5)/8*n. What are the prime factors of (-3)/(-2)*s/30*-10?
2, 3
Suppose 0 = f + 4 - 24. Suppose -x + 5 = 3*k, 0*k + 4*k = 4*x - f. Let b(i) = i + 127. What are the prime factors of b(k)?
127
Suppose -56*a + 9019584 = 21*a + 35*a. List the prime factors of a.
2, 3, 2237
Suppose 21 = 2*t + 5*z, t + 3*z = -t + 15. Suppose 0 = t*k - 3*r + r + 75, -5*r = 0. What are the prime factors of (-20)/k - 1282/(-10)?
3, 43
Let t(o) = -620*o + 133. What are the prime factors of t(-1)?
3, 251
Let z = 384 - 362. Suppose -2*t = -8, -2*f - z*t = -17*t - 2356. List the prime factors of f.
2, 73
Suppose 3*v - l = -623, l - 4*l = -6. Let w be (1 - (2 + -2))*-3 - v. Let f = w + -92. List the prime factors of f.
2, 7
Let q be (289/(-4))/((-648)/128 - -5). Suppose 2348 = 4*r + 3*b, -7*b + 4*b - q = -2*r. List the prime factors of r.
2, 73
Let b(p) be the first derivative of 91*p**2/2 + 1248*p - 199. What are the prime factors of b(0)?
2, 3, 13
Let b be 5/(-8 - -3) + 9. Let h be 2 + -1 + b + -6. Suppose a = 3*p - 479, -p - h*a = -2*p + 165. List the prime factors of p.
3, 53
Let y(g) = -g**2 - 10*g + 9. Let m be y(-11). What are the prime factors of m/18*-2874 - (-4)/6?
2, 5
Let k = -35474 - -69893. List the prime factors of k.
3, 7, 11, 149
Let u(m) = m**3 - 12*m**2 + 4*m - 13. Let l be u(12). Let k(v) = v**2 - 32*v - 35. List the prime factors of k(l).
2, 5, 7
Suppose 5*q + g = 86064, -6*g = -5*q - 11*g + 86060. List the prime factors of q.
7, 2459
Let v(i) = -12*i + 35. Let a be v(3). List the prime factors of ((-50)/75)/(a/((-894)/(-4))).
149
Let q(m) = -402*m + 253. What are the prime factors of q(-20)?
8293
Let d(y) = 1999*y + 487. What are the prime factors of d(6)?
7, 1783
Let j be (-4)/(176/12) - 252/(-77). Suppose 0 = 3*i + 25 + 5. List the prime factors of (-528)/i - j/(-15).
53
Suppose -1784502 - 1963059 = -118*w + 3655759. List the prime factors of w.
2, 5, 3137
Let n(k) be the third derivative of 0*k + 0*k**3 + 0 - 1/120*k**6 + 19*k**2 - 1/20*k**5 - 1/12*k**4. What are the prime factors of n(-4)?
2, 3
Supp